 - 5*b - 39 + 156. What are the prime factors of n?
3, 11
Suppose 3*z + z - x = 837, 2*z = -x + 417. List the prime factors of z.
11, 19
Suppose -7*v + 0*v = -532. List the prime factors of v.
2, 19
Let o = 362 + -133. List the prime factors of o.
229
Let s = 1 - -1. Suppose -s*q + 0*w = -4*w - 10, -28 = -4*q + 4*w. List the prime factors of q.
3
Let w = 0 - -4. Let p = w - -18. What are the prime factors of p?
2, 11
Let s(h) = -2*h + 5*h + h + 3 + 2 - h**2. List the prime factors of s(4).
5
Let h be (1 + -5)*147/(-12). Suppose u + u - 2*b - 28 = 0, 2*b - h = -5*u. What are the prime factors of u?
11
Let f = 15 + -22. Let s be (-2 - f)/((-1)/(-8)). Suppose 5*y - y - s = 0. What are the prime factors of y?
2, 5
Suppose 4*y + 12 = -4. Let m(v) = -v**3 - 2*v**2 + 3*v - 5. List the prime factors of m(y).
3, 5
Suppose -2*w - 6 = -0. Let u = w + 3. Suppose 4*q = -3*x + 19 - 6, u = -4*x - q + 39. What are the prime factors of x?
11
What are the prime factors of (32/(-20) + 2)*55?
2, 11
Suppose 3*t + 5*i = 472, i + 276 = 3*t - 166. Suppose -5*q + 163 = 4*v, -3*v = -5*q - 0*v + t. What are the prime factors of q?
31
Suppose 3*l + 12*b - 9*b = 570, 0 = 4*l - 4*b - 800. What are the prime factors of l?
3, 5, 13
Let f(i) = -2*i - 5. Let m be f(-4). Suppose 3*w + 4*r = 76, 4*w - 7 = m*r + 136. What are the prime factors of w?
2
Let k be (0 - 10)*(1 - -1). Let m = -20 + -14. Let q = k - m. What are the prime factors of q?
2, 7
Let h = -12 + 17. Suppose -3*j + 13 + 11 = q, -5*q - h*j + 110 = 0. Let l = -9 + q. List the prime factors of l.
2, 3
Let m be 60/9*(-9)/6. Let c = 16 + m. List the prime factors of c.
2, 3
What are the prime factors of (126/9)/(1*2)?
7
Let w(q) = -2*q + 5. Let n be w(-6). Suppose 5*m - 3*o + 2 - 8 = 0, 3*m = -5*o - 10. Suppose m = -0*k + k - n. List the prime factors of k.
17
Let r = -9 - -7. List the prime factors of 3 + r - -25 - 0.
2, 13
Let n = -20 - -24. Suppose n*y = 6*y - 76. What are the prime factors of y?
2, 19
Let w be ((-2)/(-3))/(8/204). Let q = w + -12. Suppose 0*m + 30 = q*m. List the prime factors of m.
2, 3
Suppose 3*v + 4*j - 16 = 0, -4*j + 2*j = v - 2. Suppose -5*m - v = -67. List the prime factors of m.
11
Let y(h) be the first derivative of h**4/4 + 2*h**3 + 3*h + 5. List the prime factors of y(-6).
3
Let k = 3 - -2. Let i(j) be the third derivative of -j**5/60 + j**4/3 - 5*j**3/6 - 3*j**2. What are the prime factors of i(k)?
2, 5
Suppose 45 = 3*h + 4*x, -4*h + 2*x = -x - 35. List the prime factors of h.
11
Let r(g) = 2*g**2 - 10*g - 14. What are the prime factors of r(9)?
2, 29
Let s = 17 - 15. Suppose 0 = -2*z + 4*z + x - 51, x + 61 = s*z. What are the prime factors of z?
2, 7
Suppose -180 = -h - 2*h. Suppose 2*r - 24 = -2*r. Suppose r*c = c + h. What are the prime factors of c?
2, 3
Suppose 0 = 3*w, 3*q - w + 45 - 201 = 0. List the prime factors of q.
2, 13
Let i = 19 - 3. List the prime factors of i.
2
Suppose -4*c = 4*i - 8, 0 = -i + 2*c - 6 + 23. Let p = 11 - i. What are the prime factors of p?
2
Suppose 6 = 3*f - 12. Let h = 27 - f. List the prime factors of h.
3, 7
Let w = -58 + 102. What are the prime factors of w?
2, 11
Let n(v) = v**2 + 15*v + 3. Let y be n(-13). Let f = y + 38. What are the prime factors of f?
3, 5
Suppose 5*v + 20 = 70. List the prime factors of (32/v)/(1/5).
2
Let q = 15 - 7. Suppose 0 = -10*g + q*g + 50. Let b = g - 14. List the prime factors of b.
11
Let p(z) = -2*z - 5. Let y be p(-5). Suppose 2*s + v + 4*v = -13, -14 = s - y*v. What are the prime factors of (-46)/8*(s - -5)?
23
Let w(b) = -13*b + 6. Let p(g) = -25*g + 11. Let u(s) = 4*p(s) - 7*w(s). Let d be u(2). Let k = 26 + d. What are the prime factors of k?
2, 5
Let v be (-6)/(1 - (-76)/(-64)). Let t = -17 + v. List the prime factors of t.
3, 5
Let y(n) = -n**2 - 10*n + 0*n**2 - 8 - 4*n + 5*n. List the prime factors of y(-6).
2, 5
Suppose -3*s + 2*s = 2. What are the prime factors of ((-88)/12)/(s/3)?
11
Let a(d) = -3*d - 3. Let w be a(-8). Suppose -3*k - w = -3*g, k + k = -5*g - 7. Let q(f) = f**2 + 6*f + 6. What are the prime factors of q(k)?
2, 3
Let u(x) = -x. Let z(r) = -5*r**2 - 6*r + 1. Let s(l) = 6*u(l) - z(l). Let c be s(-1). List the prime factors of ((-18)/12)/((-1)/c).
2, 3
Let z = 55 + -38. List the prime factors of z.
17
Suppose -i - 2*i = -2*q + 5, -3*i - 2*q = 13. Let l be (-2)/8 - 15/(-12). Let g = l - i. List the prime factors of g.
2
Let h = -20 - -29. What are the prime factors of h?
3
Suppose 0 = 2*h + 7 - 27. Let w be (-3)/((-6)/4) - 0. Let j = w + h. List the prime factors of j.
2, 3
Suppose -3*t + 47 + 43 = 0. Let g = -14 + t. What are the prime factors of g?
2
Suppose 0*t + 33 = 3*t. List the prime factors of t.
11
Let o = -41 + 124. List the prime factors of o.
83
Let l(f) = 2*f - 14. Let b be l(8). Let x be (-2)/(-4)*1*0. Suppose x*c - 24 = -b*c. List the prime factors of c.
2, 3
Let c(s) = s + s**3 - 4*s + 4*s**2 + 2*s. List the prime factors of c(-2).
2, 5
Let i(q) = -q**3 + 8*q**2 - 6*q + 1. Let d be 5 + (-2 - -1) + 3. List the prime factors of i(d).
2
Let b be (-4)/(-1) + -2 + 0. Suppose 2*r - 2 = -10, b*s = 2*r + 10. Suppose s = x - 1. List the prime factors of x.
2
Suppose 0 = -5*r - 10*r + 5790. List the prime factors of r.
2, 193
Suppose 2 = 4*p - 3*p. Suppose 0 = p*r - 3*r. Suppose r = 2*j - 34 + 10. List the prime factors of j.
2, 3
Let j = 3 + 0. Let v(r) = 4*r**2 + 12*r**3 - 3*r**2 - 5*r**j + 4*r**3 - 1. What are the prime factors of v(1)?
11
Suppose 0*b + 3*b = 5*h + 8, 5*h - 25 = 0. Suppose -10 - 5 = 3*x. Let n = b + x. What are the prime factors of n?
2, 3
Let d = -3 - -4. Let a be 0 + (2 - 1) + d. Suppose 5*m - 35 = -a*u, 3*u - 58 = -4*m + 2*m. What are the prime factors of u?
2, 5
Suppose 15 + 24 = 3*g. Let c = -3 + g. List the prime factors of c.
2, 5
Let u(v) = -v + 1. Let h(f) = -4*f - 13. Let c(x) = -h(x) + 6*u(x). What are the prime factors of c(-6)?
31
Suppose -3*p - 3*o - 36 = 0, 2*o + 57 = -4*p - p. Suppose -2*i + 17 = -5*q, 0*i - 3 = 2*i - q. Let x = i - p. What are the prime factors of x?
7
Let h be 7*(3 - (-12)/(-3)). Let x(f) = -4*f - 15. What are the prime factors of x(h)?
13
Suppose -5*x = x - 12. List the prime factors of x.
2
Suppose 5 = 2*y - 3, 3*r - 3*y - 555 = 0. List the prime factors of r.
3, 7
Let a = -6 - -10. Suppose 2*x + 0*o - 14 = 3*o, 5*x - 81 = -a*o. List the prime factors of x.
13
Let b = 0 + 117. List the prime factors of b.
3, 13
Suppose -n + 12 = 2*l + 2*l, -2*n + 4 = 3*l. Suppose -6*f + l*f = -18. What are the prime factors of f?
3
Suppose 0 = 3*r - 4*i - i - 5, -3*r - 5*i = 5. Suppose r = -2*t + 3*t - 3. What are the prime factors of t?
3
Let f be (-2)/(-14) + (-1)/7. Suppose -48 = -f*s - 2*s. Suppose -3*n + s + 12 = 5*v, 0 = -3*v. List the prime factors of n.
2, 3
Let o = 97 - 37. List the prime factors of o.
2, 3, 5
List the prime factors of 6/(-4)*(-2 + (-2230)/15).
2, 113
Let g = 74 + 32. Suppose 3*o - g = -28. List the prime factors of o.
2, 13
Let o = 18 - -4. List the prime factors of o.
2, 11
Let a(f) = -f - 9. Let z be a(-12). Let r(h) = -h + 6. List the prime factors of r(z).
3
Let n = 70 + -44. What are the prime factors of n?
2, 13
Let b = 72 + -27. Let t = 75 - b. List the prime factors of t.
2, 3, 5
List the prime factors of ((-5)/(-1)*-1)/(1/(-15)).
3, 5
Let w(r) = -19*r + 1. Suppose -2*p - 2 = -0. List the prime factors of w(p).
2, 5
Let i(k) = -k + 19. Suppose 1 = -2*r - 3. Let y = -2 - r. What are the prime factors of i(y)?
19
Suppose 2*p + 2*p - 8 = 0. Suppose p*v = v + 15. List the prime factors of v.
3, 5
Suppose v - 5*q - 12 = 0, -5*v - 98 = -5*q - 238. What are the prime factors of v?
2
Let a be 3 + 1*6/3. Suppose 4*w + 0*t - 36 = 2*t, 3*w + a*t = 27. Suppose 2*v + 3*r - w = 6, 3*r - 3 = -v. List the prime factors of v.
2, 3
Let m(q) = -q - 3. Suppose 2*b + 2*b = -20. Let p be m(b). List the prime factors of (p/3)/((-8)/(-120)).
2, 5
Suppose 4*v - 746 = -5*o - 0*v, 5*v = 20. What are the prime factors of o?
2, 73
Suppose -18 = 4*g + 30. List the prime factors of 2 - -1 - (g + 13).
2
Let a(o) = -o**3 - 12*o**2 - 13*o - 1. Let s be -3 - 1/2*16. List the prime factors of a(s).
3, 7
Let k(x) be the second derivative of x**5/5 - x**4/12 - x**3/3 + x**2/2 - 4*x. List the prime factors of k(2).
5
Let j be ((-6)/(2 + -5))/(-2